{"id":13,"date":"2020-06-25T13:29:51","date_gmt":"2020-06-25T13:29:51","guid":{"rendered":"http:\/\/ectoparasitos.gorgas.gob.pa\/?page_id=13"},"modified":"2021-04-19T14:38:44","modified_gmt":"2021-04-19T14:38:44","slug":"formacion","status":"publish","type":"page","link":"https:\/\/ectoparasitos.gorgas.gob.pa\/?page_id=13","title":{"rendered":"Formaci\u00f3n"},"content":{"rendered":"<p><strong>Estudiantes, tesistas y pasantes<\/strong><\/p>\n<p>Desde 2009 se han atendido pasantes de Maestr\u00eda y Doctorado de pa\u00edses como Holanda (Wageningen University and Research), Estados Unidos (Old Dominion University y Richmond University) y de M\u00e9xico (Universidad Aut\u00f3noma de Yucat\u00e1n).<\/p>\n<p>Tambi\u00e9n se ha brindado tesis de Licenciatura y Maestr\u00eda a estudiantes de la Universidad de Panam\u00e1 y de la Universidad Aut\u00f3noma Nacional de Le\u00f3n (Nicaragua).<\/p>\n<p>Interesados en realizar tesis o pasant\u00edas en nuestro instituto pueden consultar las bases institucionales en:<\/p>\n<p><a href=\"https:\/\/sites.google.com\/gorgas.gob.pa\/intranet-icges\/secci%C3%B3n-de-capacitaci%C3%B3n?authuser=1\">https:\/\/sites.google.com\/gorgas.gob.pa\/intranet-icges\/secci%C3%B3n-de-capacitaci%C3%B3n?authuser=1<\/a><\/p>\n<p><strong>Cursos, talleres y simposios nacionales<\/strong><\/p>\n<p>Del 2008 a la fecha se han organizado siete cursos-talleres y simposios de entomolog\u00eda forense o ectopar\u00e1sitos en Panam\u00e1, los cuales se han brindado de manera gratuita a participantes nacionales y extranjeros.\u00a0Estos cursos se han realizado en conjunto con expositores internacionales como los Drs. Santiago Nava (Argentina), Marcelo Labruna, Darci Barros-Battesti, Valeria Onofrio, Mar\u00eda Ogrzewalska, (Brasil), Gina Paola Camacho (Colombia), V\u00edctor Montenegro, Natalia Soto, John Vargas Fonseca (Costa Rica), Melina Ojeda-Chi, Daniel S\u00e1nchez (M\u00e9xico), Lance Durden (Estados Unidos), y Jos\u00e9 Venzal (Uruguay).<\/p>\n<p>Tambi\u00e9n se han ofrecido charlas especiales dictadas por especialistas como los Drs. Felipe Krawczak (Brasil), Agust\u00edn Estrada-Pe\u00f1a (Espa\u00f1a), Dmitry Apanaskevich, Job L\u00f3pez, Gregory Dasch, Michael Levin (Estados Unidos), Jorge Zavala (M\u00e9xico) y Sergei Mironov (Rusia).<\/p>\n<p><strong>Cursos, talleres y simposios en el extranjero<\/strong><\/p>\n<p>Desde 2010 hemos participado como instructores o expositores en actividades especializadas en desarrolladas en M\u00e9xico, Honduras, Nicaragua, Costa Rica, Colombia, Ecuador, Argentina y Rep\u00fablica Dominicana.<\/p>\n","protected":false},"excerpt":{"rendered":"<p>Estudiantes, tesistas y pasantes Desde 2009 se han atendido pasantes de Maestr\u00eda y Doctorado de pa\u00edses como Holanda (Wageningen University and Research), Estados Unidos (Old Dominion University y Richmond University) y de M\u00e9xico (Universidad Aut\u00f3noma de Yucat\u00e1n). Tambi\u00e9n se ha brindado tesis de Licenciatura y Maestr\u00eda a estudiantes de la Universidad de Panam\u00e1 y de [&hellip;]<\/p>\n","protected":false},"author":1,"featured_media":0,"parent":0,"menu_order":0,"comment_status":"closed","ping_status":"closed","template":"","meta":[],"_links":{"self":[{"href":"https:\/\/ectoparasitos.gorgas.gob.pa\/index.php?rest_route=\/wp\/v2\/pages\/13"}],"collection":[{"href":"https:\/\/ectoparasitos.gorgas.gob.pa\/index.php?rest_route=\/wp\/v2\/pages"}],"about":[{"href":"https:\/\/ectoparasitos.gorgas.gob.pa\/index.php?rest_route=\/wp\/v2\/types\/page"}],"author":[{"embeddable":true,"href":"https:\/\/ectoparasitos.gorgas.gob.pa\/index.php?rest_route=\/wp\/v2\/users\/1"}],"replies":[{"embeddable":true,"href":"https:\/\/ectoparasitos.gorgas.gob.pa\/index.php?rest_route=%2Fwp%2Fv2%2Fcomments&post=13"}],"version-history":[{"count":7,"href":"https:\/\/ectoparasitos.gorgas.gob.pa\/index.php?rest_route=\/wp\/v2\/pages\/13\/revisions"}],"predecessor-version":[{"id":295,"href":"https:\/\/ectoparasitos.gorgas.gob.pa\/index.php?rest_route=\/wp\/v2\/pages\/13\/revisions\/295"}],"wp:attachment":[{"href":"https:\/\/ectoparasitos.gorgas.gob.pa\/index.php?rest_route=%2Fwp%2Fv2%2Fmedia&parent=13"}],"curies":[{"name":"wp","href":"https:\/\/api.w.org\/{rel}","templated":true}]}}