{"id":130,"date":"2020-07-02T15:06:06","date_gmt":"2020-07-02T15:06:06","guid":{"rendered":"http:\/\/ectoparasitos.gorgas.gob.pa\/?page_id=130"},"modified":"2020-07-02T15:06:06","modified_gmt":"2020-07-02T15:06:06","slug":"espiroquetas","status":"publish","type":"page","link":"https:\/\/ectoparasitos.gorgas.gob.pa\/?page_id=130","title":{"rendered":"Espiroquetas"},"content":{"rendered":"<p><b>PROYECTO<\/b>: Understanding the ecology of tick-borne relapsing fever spirochetes in Panama.<\/p>\n<p><b>Investigador(es) principal(es): <\/b>Job L\u00f3pez (BCM, EU), Sergio Berm\u00fadez (ICGES).<\/p>\n<p><b>Fuente <\/b><b>de financiamiento: <\/b>National Institutes of Health.<\/p>\n<p><b>Instituciones <\/b><b>asociadas: <\/b>Baylor College of Medicine, TX, EU.<\/p>\n<p><b>Breve <\/b><b>resumen del proyecto: <\/b>Este proyecto se enfoca en comprender los mecanismos moleculares de la colonizaci\u00f3n de vectores y la transmisi\u00f3n de las espiroquetas del grupo de las fiebres recurrentes (<i>Borrelia recurrentis<\/i> s.l.) transmitidas por garrapatas. Tambi\u00e9n estudiamos su ecolog\u00eda para comprender la distribuci\u00f3n y el mantenimiento del pat\u00f3geno y del vector.<\/p>\n<p><b>Publicaciones:<\/b><\/p>\n<p>Lopez J*, Krishnavahjala A, Garcia M,\u00a0Berm\u00fadez S. 2016. Tickborne relapsing fever spirochetes in the Americas. <u>Veterinary Sciences 3 (3): 16<\/u><\/p>\n<p>Berm\u00fadez S*, Castillo E, Pohlenz T, Kneubehl A, Krishnavajhala A, Dom\u00ednguez L, Su\u00e1rez J, L\u00f3pez J. 2017. New records of <i>Ornithodoros <\/i><i>puertoricensis<\/i> Fox 1947 (Ixodida: Argasidae) parasitizing humans in rural and urban dwellings, Panama. <u>Tick and Ticks-Borne Diseases 8: 466-469<\/u>.<\/p>\n<p>Berm\u00fadez S*, Gottdenker N, Krishnavajhala A, Fox A, Wilder H,\u00a0Gonz\u00e1lez K, Smith D, L\u00f3pez M,\u00a0Perea M,\u00a0Rigg C, Montilla S, Calzada J, Salda\u00f1a A, Caballero C, L\u00f3pez J.\u00a02017. Synanthropic mammals as potential hosts of tick-borne pathogens in Panama.\u00a0<u>Plos<\/u><u> One <\/u><u>12(1):e0169047<\/u>.<\/p>\n","protected":false},"excerpt":{"rendered":"<p>PROYECTO: Understanding the ecology of tick-borne relapsing fever spirochetes in Panama. Investigador(es) principal(es): Job L\u00f3pez (BCM, EU), Sergio Berm\u00fadez (ICGES). Fuente de financiamiento: National Institutes of Health. Instituciones asociadas: Baylor College of Medicine, TX, EU. Breve resumen del proyecto: Este proyecto se enfoca en comprender los mecanismos moleculares de la colonizaci\u00f3n de vectores y la [&hellip;]<\/p>\n","protected":false},"author":1,"featured_media":0,"parent":0,"menu_order":0,"comment_status":"closed","ping_status":"closed","template":"","meta":[],"_links":{"self":[{"href":"https:\/\/ectoparasitos.gorgas.gob.pa\/index.php?rest_route=\/wp\/v2\/pages\/130"}],"collection":[{"href":"https:\/\/ectoparasitos.gorgas.gob.pa\/index.php?rest_route=\/wp\/v2\/pages"}],"about":[{"href":"https:\/\/ectoparasitos.gorgas.gob.pa\/index.php?rest_route=\/wp\/v2\/types\/page"}],"author":[{"embeddable":true,"href":"https:\/\/ectoparasitos.gorgas.gob.pa\/index.php?rest_route=\/wp\/v2\/users\/1"}],"replies":[{"embeddable":true,"href":"https:\/\/ectoparasitos.gorgas.gob.pa\/index.php?rest_route=%2Fwp%2Fv2%2Fcomments&post=130"}],"version-history":[{"count":1,"href":"https:\/\/ectoparasitos.gorgas.gob.pa\/index.php?rest_route=\/wp\/v2\/pages\/130\/revisions"}],"predecessor-version":[{"id":131,"href":"https:\/\/ectoparasitos.gorgas.gob.pa\/index.php?rest_route=\/wp\/v2\/pages\/130\/revisions\/131"}],"wp:attachment":[{"href":"https:\/\/ectoparasitos.gorgas.gob.pa\/index.php?rest_route=%2Fwp%2Fv2%2Fmedia&parent=130"}],"curies":[{"name":"wp","href":"https:\/\/api.w.org\/{rel}","templated":true}]}}